 (base 15) in base 11?
-279614
40044305 (base 6) to base 13
305621
What is -1405013103 (base 6) in base 13?
-36b4186
What is 645236 (base 7) in base 16?
1b69e
-774862 (base 10) to base 16
-bd2ce
What is 508a4 (base 11) in base 6?
1331531
-1256701 (base 8) to base 2
-1010101110111000001
What is -103303430 (base 5) in base 10?
-447365
-102233332120 (base 4) to base 14
-91d304
What is -2002012110 (base 4) in base 6?
-15231020
Convert -7e14f (base 16) to base 8.
-1760517
-34022202 (base 7) to base 9
-5481236
What is 297812 (base 12) in base 7?
5633450
What is 121111210 (base 4) in base 7?
611365
Convert 23465206 (base 7) to base 2.
111111100101010011110
Convert 2518596 (base 11) to base 3.
22020020111221
What is 270541 (base 10) in base 5?
32124131
What is -495b1 (base 12) in base 15?
-1e684
Convert -4030d (base 14) to base 12.
-75335
-4116074 (base 8) to base 13
-2c1634
460366 (base 8) to base 13
55c5b
234ba (base 15) to base 3
12201020211
-132452213 (base 6) to base 10
-2650833
-2144a (base 13) to base 5
-3410212
Convert 1010101210021 (base 3) to base 11.
379609
-14223312 (base 6) to base 16
-7685c
30046115 (base 8) to base 16
604c4d
Convert 154600 (base 9) to base 16.
17418
Convert -6b4b (base 12) to base 6.
-131335
-1113542 (base 6) to base 7
-323651
What is 11100001110000110 (base 2) in base 10?
115590
Convert -39272a (base 13) to base 14.
-27b925
What is 1a37a98 (base 13) in base 4?
200332000320
13304314 (base 5) to base 8
407457
-544612 (base 8) to base 3
-100021120102
-25735 (base 12) to base 13
-1a396
-2412978 (base 10) to base 8
-11150662
Convert -1830450 (base 9) to base 12.
-414639
What is -24450660 (base 8) in base 3?
-101011002100210
-112421161 (base 7) to base 5
-3231133412
Convert 1090993 (base 10) to base 4.
10022112301
What is -47a21 (base 14) in base 8?
-525415
-3c3e15 (base 16) to base 12
-13a4905
102a15 (base 11) to base 5
20234224
Convert 294b0a (base 13) to base 7.
11405313
What is -470290 (base 10) in base 16?
-72d12
What is 5610504 (base 8) in base 5?
341333443
Convert -3bc07b (base 16) to base 8.
-16740173
-11220022020012 (base 3) to base 11
-15195a4
What is 20102021201120 (base 3) in base 2?
1101000000101101100110
-40630152 (base 7) to base 10
-3402303
Convert -14517b (base 14) to base 10.
-705513
Convert 197340 (base 10) to base 8.
601334
What is 2738d (base 14) in base 16?
179f1
5818086 (base 10) to base 6
324411330
Convert 581060 (base 9) to base 8.
1250544
What is -62410 (base 14) in base 9?
-400721
-31258 (base 10) to base 6
-400414
Convert -10001010111001010001 (base 2) to base 8.
-2127121
Convert 17ee7 (base 15) to base 10.
77617
Convert 102002122101 (base 3) to base 5.
23442230
362774 (base 14) to base 2
111000011111000110010
33220101 (base 4) to base 9
106730
-4625884 (base 9) to base 8
-11416015
What is 102011012202 (base 3) in base 2?
110101100111000000
1011000001010110000 (base 2) to base 10
361136
60104 (base 8) to base 12
12318
Convert -62152136 (base 7) to base 9.
-10714418
Convert 338347 (base 9) to base 11.
129529
What is -1110001001101010110111 (base 2) in base 15?
-4d4233
What is 123420 (base 10) in base 3?
20021022010
Convert 24122234 (base 5) to base 4.
312203110
Convert -101011010110001111 (base 2) to base 5.
-21140201
What is -60503 (base 11) in base 12?
-43232
-44027300 (base 8) to base 7
-143213356
Convert -9176a1 (base 16) to base 7.
-144013156
What is 1100010111101100 (base 2) in base 14?
14672
Convert 2240232110 (base 5) to base 7.
60366523
What is 75605 (base 11) in base 4?
122310301
226a04 (base 12) to base 13
163a08
Convert -1114c0 (base 14) to base 10.
-579936
200122110 (base 4) to base 16
20694
What is -244303 (base 10) in base 11?
-157604
19904 (base 15) to base 3
11012220011
Convert 93b7e (base 15) to base 6.
14012132
Convert 25ca73 (base 13) to base 3.
1201102010210
Convert -494482 (base 10) to base 16.
-78b92
-35b6b3 (base 13) to base 8
-4707733
74570b (base 13) to base 5
1144203344
What is -2910003 (base 10) in base 16?
-2c6733
What is 21110210111 (base 3) in base 15?
2d8c4
What is -185758 (base 10) in base 11?
-117621
11110101000001001 (base 2) to base 8
365011
What is 330233233 (base 4) in base 11?
15aa36
-608ec (base 15) to base 12
-128b50
Convert 1262492 (base 10) to base 16.
13439c
Convert -14dbc7 (base 15) to base 10.
-1008412
Convert -32320031 (base 4) to base 8.
-167015
Convert -3322633 (base 7) to base 12.
-17895a
43442324 (base 5) to base 6
12010442
What is c7a84d (base 15) in base 9?
18782871
67191 (base 12) to base 5
13334030
Convert -7213127 (base 8) to base 15.
-279c43
Convert 1120012021 (base 4) to base 8.
1300611
Convert 16921 (base 16) to base 15.
1c5d4
Convert -30131314 (base 5) to base 6.
-5045104
What is 1f494 (base 16) in base 7?
1042416
-1366731 (base 11) to base 3
-11102110112220
-2334646 (base 7) to base 11
-191399
What is -10100000010010110110 (base 2) in base 7?
-5403121
-1104233120 (base 5) to base 6
-123431321
What is 1011961 (base 13) in base 4?
102202110133
1157101 (base 8) to base 3
121012122100
Convert 2872391 (base 10) to base 8.
12752107
Convert -1120433 (base 10) to base 8.
-4214261
Convert -63215403 (base 7) to base 13.
-1149012
What is 1766011 (base 8) in base 12?
210549
Convert 222211102000 (base 3) to base 11.
330845
-80a8166 (base 11) to base 5
-12132022424
60622c (base 16) to base 5
3104112323
274631 (base 10) to base 8
1030307
What is -10638802 (base 9) in base 7?
-61613504
What is -1010202101010 (base 3) in base 6?
-20550303
Convert -12520220 (base 8) to base 13.
-76a737
-2b919 (base 13) to base 12
-3bb28
Convert 122e8 (base 15) to base 8.
161273
What is -530bf (base 16) in base 10?
-340159
Convert -4051055 (base 6) to base 7.
-1433501
What is -131201223 (base 4) in base 3?
-20010220020
What is -1011111011000100011010 (base 2) in base 16?
-2fb11a
-1119911 (base 10) to base 6
-40000435
What is c0502 (base 16) in base 11?
498904
Convert -100001000101000111011 (base 2) to base 8.
-4105073
21a5e (base 15) to base 9
172648
Convert -59055 (base 12) to base 14.
-31693
214322 (base 9) to base 7
1041464
Convert 71643 (base 11) to base 12.
5063b
33535452 (base 8) to base 14
d6c8c2
What is 440811 (base 11) in base 7?
5660513
-1c67b39 (base 13) to base 6
-534555041
What is -10224111 (base 8) in base 14?
-407ca5
-145984 (base 11) to base 7
-1635060
Convert 11000100000101110010 (base 2) to base 16.
c4172
143350 (base 7) to base 6
331514
Convert -122120221210 (base 3) to base 5.
-42034432
What is 1e05a (base 15) in base 13?
35785
Convert -212336 (base 8) to base 2.
-10001010011011110
What is 56712 (base 11) in base 12?
3b597
Convert 25b921 (base 12) to base 7.
5166313
-25863a (base 14) to base 4
-10323022130
What is 12113555 (base 8) in base 5?
1140111310
What is -111011001001110011010 (base 2) in base 6?
-105313430
Convert 2397850 (base 12) to base 7.
112543152
426ea (base 16) to base 11
17648a
Convert 10111120221 (base 3) to base 13.
25504
What is 12a190 (base 12) in base 15?
61326
-21021100010101 (base 3) to base 14
-7284d2
Convert -616182 (base 9) to base 3.
-200120012202
Convert -8a9880 (base 15) to base 13.
-14a7353
What is -2537155 (base 8) in base 2?
-10101011111001101101
-22570 (base 13) to base 5
-3444302
Convert 36129a (base 12) to base 2.
11010101001001010110
241047 (base 11) to base 14
9d332
-98957b (base 14) to base 6
-302515305
Convert 62532 (base 15) to base 6.
10402532
Convert -541693 (base 12) to base 13.
-37738b
1656411 (base 8) to base 3
220111221221
-134217 (base 8) to base 5
-3002442
Convert -a6d866 (base 14) to base 16.
-5626f2
What is -471443 (base 8) in base 3?
-22011020012
What is 164a07 (base 12) in base 3?
201101110121
Convert -1132221132 (base 5) to base 6.
-132031534
What is -1064362 (base 8) in base 3?
-112200110002
Convert 27370141 (base 8) to base 12.
208a881
20230021 (base 6) to base 5
122014300
Convert -2717 (base 9) to base 7.
-5644
Convert 120818 (base 11) to base 10.
191320
-1389b76 (base 14) to base 11
-5393480
-77083 (base 10) to base 6
-1352511
Convert -93621d (base 15) to base 3.
-111011222202201
What is -966a5 (base 12) in base 14?
-52217
What is 387139 (base 12) in base 4?
3201233331
32050134 (base 6) to base 14
1a6626
643051 (base 7) to base 5
12032021
334830 (base 9) to base 2
110000111011100101
Convert 10